= p**3 - 10*p**2 - 11*p + 27. Let r be d(11). Let o = 67 - r. Calculate the remainder when 145 is divided by o.
25
Suppose 0 = 5*u - 5, -3*n - n = -2*u - 30. Let h = 0 + 13. Suppose k + 3*c = h, 0*k = -3*k + 4*c + 78. What is the remainder when k is divided by n?
6
Let u = -5183 + 5360. Calculate the remainder when u is divided by 95.
82
Let f(r) = 2*r**2 - 326*r + 1667. What is the remainder when 12265 is divided by f(5)?
85
Let c = -14005 + 14020. Calculate the remainder when 14742 is divided by c.
12
Let r(w) = 167. Let y(d) = -2*d + 1. Let q(x) = -r(x) - 4*y(x). What is the remainder when 38 is divided by q(25)?
9
Suppose 7*u - 7*u - 44286 = -33*u. Calculate the remainder when u is divided by 111.
10
Let b = 43 - 28. Calculate the remainder when 53 + -1 - (-22 + 8 - -1) is divided by b.
5
Let u = 58 + -23. Suppose -11880 = -53*g - 37*g. What is the remainder when g is divided by u?
27
Suppose 2*z = -m + 6, -m = 3 - 1. Let l(q) = q**3 + 2*q**2 - 8*q - 6. Let b be l(-3). Suppose r + b*r = 70. What is the remainder when r is divided by z?
3
Let y = -13629 + 13641. Calculate the remainder when 56 is divided by y.
8
Let j(c) = 4*c**2 - 2*c**2 - c + 6 + 3*c**2 + 0 - c**3. Let h be j(5). What is the remainder when 102 is divided by 19/h + (4 - 2)?
18
Let o(r) = r**3 + 5*r**2 + r + 1. Let d be o(-7). Let m = d - -202. What is the remainder when m is divided by 33?
32
Suppose y + 4*k = 108, -5*y = 3*k - 649 + 58. What is the remainder when y is divided by 18?
12
Let p(a) = 34*a**3 - 23*a**2 + 46*a - 12. What is the remainder when 7536 is divided by p(2)?
256
Let m = -6113 - -6975. Calculate the remainder when m is divided by 108.
106
Let j be (-2 + (-16)/(-6))/(2/9). Suppose 3*f + 7*c - 2*c = 73, 0 = -j*f + c + 61. What is the remainder when f is divided by 11?
10
Let c(u) = -2*u - 6. Suppose -m = -5*p + 20, 4*m + 20 = 2*p - 60. Calculate the remainder when -6*(2/4 + (-17 - 0)) is divided by c(m).
31
Let a(c) = c**3 + 3*c**2 + 5*c - 4. Suppose z = 3*n + 6, -6*z + n = -2*z - 13. What is the remainder when a(z) is divided by 12?
5
Calculate the remainder when 1020 is divided by ((124/(-6))/((-168)/(-252)))/(-1).
28
Suppose -31*q + 623 + 152 = 0. What is the remainder when (1985/(-20))/(1/(-4)) is divided by q?
22
Let h = -199 + 204. Suppose 0 = 5*f - h*b - 55, b - 16 = f - 3*f. What is the remainder when 24 is divided by f?
6
Suppose -10130 = -112*p + 2190. What is the remainder when 639 is divided by p?
89
Let a(o) = -o - 9. Let j be a(-17). Suppose -85 = j*t - 9*t. Suppose 5*p = -0 + t. What is the remainder when 48 is divided by p?
14
Suppose -3 = h, -9364 + 931 = -2*a - 3*h. What is the remainder when a is divided by 264?
261
Suppose f + 4*s = s + 2, f + 5*s = 0. Suppose 2*r + 20*c = 17*c + f, 2*c = 2*r. Calculate the remainder when 3 is divided by r.
0
What is the remainder when (-6)/7*34685/(-10) is divided by 85?
83
Let z(l) = 2*l**2 - 169*l + 562. Suppose 4*r - 5*w = 386 + 1642, -3*w = r - 507. What is the remainder when r is divided by z(3)?
69
Let u = -2 + 7. Suppose 0 = -238*c - 68*c + 6120. What is the remainder when c is divided by u?
0
Let x(g) = -3*g**3 + 2*g**2 - 4*g - 6. Let q(d) = -7*d - 9. What is the remainder when x(-3) is divided by q(-4)?
10
Calculate the remainder when 1*18/(-12) + (-7)/(56/(-7548)) is divided by 135.
132
Let p(m) be the second derivative of -1/20*m**5 + 5/3*m**3 + 0 - 31*m + 3/4*m**4 + 8*m**2. What is the remainder when 60 is divided by p(10)?
12
Let u(m) = 3*m**2 - m + 0 + 7*m - 8 + 3. Suppose -21 = -z - 6. Calculate the remainder when u(3) is divided by z.
10
Suppose 4*j - 4*i = 20, -j + 0*i + 2*i + 6 = 0. Suppose -j*y + 4 + 1 = -s, -5*y = -4*s + 13. What is the remainder when 173 is divided by s?
5
Calculate the remainder when -563*(-1 - 1) - (9 - (-70)/(-5)) is divided by 16.
11
Suppose 0*r + 2*r = 38. Let w(k) = 16*k**2 + 2 - 7 - 13*k**2 - 5*k. Calculate the remainder when r is divided by w(3).
5
Let i(o) = 23*o + 13. Let k be i(2). Let q = k - 47. Calculate the remainder when 238 is divided by q.
10
Calculate the remainder when 1399 is divided by 49469/(-382)*(-6)/7.
67
Suppose -2*h - 14 = 0, 3*c - 80*h - 163 = -82*h. What is the remainder when 112 is divided by c?
53
Let l(x) = 8*x**2 + 37*x - 15. Let t be l(-9). Let h = -264 + t. What is the remainder when h is divided by 28?
8
Let b(w) = w**2 - 4*w - 22. Suppose 2*t + 24 + 4 = q, -3*q + 52 = 2*t. Suppose 0 = 61*o - 63*o + q. Calculate the remainder when b(o) is divided by 21.
17
Let v = -27 + 94. Let w = 2377 - 2373. Let o(b) = -2*b**3 + 8*b**2 + 7*b - 21. Calculate the remainder when v is divided by o(w).
4
Let u be (-124)/217*7/(-2) + 1. Suppose 0*a + 3*a = -3*y + 189, -327 = -5*y + a. Suppose u*w = 10 + y. Calculate the remainder when w is divided by 13.
12
Let o be -1 - 2 - -3*1. Suppose -3*x + 2*x + 6 = o. Calculate the remainder when x is divided by (((-2)/32)/((-429)/(-5148)))/(6/(-16)).
0
Let y be -3*1/(-12) - (-723)/4. Suppose -y = -6*d + 281. Let o = -51 + d. What is the remainder when 37 is divided by o?
11
Suppose 0 = 4*h - 2312 - 848. What is the remainder when h is divided by 36?
34
Suppose 27 = 2*f + q, 9*q - 11*q + 15 = f. What is the remainder when ((-362)/(-6))/((-7)/(-21)) is divided by f?
12
Let p(v) = 14*v + 5. Suppose -10*k = -13*k - 84. Let g be 18/8 - (-7)/k. Calculate the remainder when p(g) is divided by 13.
7
Suppose 20*r = 19*r + 348. Suppose 13*s = -46*s + 1593. What is the remainder when r is divided by s?
24
Let a(o) = -o**2 + 4*o. Let x = 569 + -545. What is the remainder when x is divided by a(3)?
0
Let c = 17864 - 17829. Calculate the remainder when 65 is divided by c.
30
Suppose -413*m + 409*m + 496 = 0. What is the remainder when 857 is divided by m?
113
Let v = -65 - -78. Suppose v*j - 539 = 6*j. Suppose j - 320 = -3*c. Calculate the remainder when c is divided by 29.
23
Let j = 308 - 192. Suppose -10 = 3*i - t - 5, -5*i + 2*t = 10. Suppose 5*k - 5*s = 140, i*s - 62 = -2*k - s. Calculate the remainder when j is divided by k.
26
Let n(j) = -j**2 + 54. Let k = -16 - -11. Suppose -90 - 22 = -f. Calculate the remainder when f is divided by n(k).
25
Let d = 507 + -299. Suppose 7*n - 20*n = -d. Calculate the remainder when 30 is divided by n + 4 - (2 + 2).
14
Calculate the remainder when 998 is divided by 52 - (172/28 - (0 - 12/14)).
8
Let a = 488 - 241. Let r = 13 + 2. Calculate the remainder when 7189/a - (-4)/(-38) is divided by r.
14
Suppose -6*f = -3*f - 6. Suppose 0 = -s + 3*s + y - 169, -f*s + 2*y = -178. Suppose 0 = 9*q - s - 49. What is the remainder when 27 is divided by q?
12
Suppose 0 = 3*j + 15, 2*j + 5 = m - 9. Let n(t) = 10*t + 66. What is the remainder when n(m) is divided by 18?
16
Suppose 2*a - 150 = 2*q, 4*a - 2*q - 441 = -141. Calculate the remainder when 675 is divided by a.
0
Suppose -3*r + 1555 = 5*z, -27*z + 24*z = r - 525. Suppose 4*l - r = -6*c, 4*c = c - l + 252. What is the remainder when c is divided by 13?
5
What is the remainder when 1474 is divided by (-7)/(-14)*-1 + 1155/14?
80
Suppose 107*x = -12*x + 53074. Calculate the remainder when x is divided by 10.
6
Suppose 86*y + 14*y + 1744 - 8944 = 0. Let b = -60 - -418. Calculate the remainder when b is divided by y.
70
Suppose 0*w + w + 5 = 0. Let l be (136/85)/((-2)/w). What is the remainder when 21 is divided by (2*(-1)/l)/(1/(-24))?
9
Suppose 52*d - 402636 = -14*d - 50*d. What is the remainder when d is divided by 139?
135
Let r(b) = b**3 - 11*b**2 + 29*b - 156. Calculate the remainder when r(17) is divided by 37.
36
Let y = -43 - -90. Suppose -y*s = -57*s + 60. Calculate the remainder when 183 is divided by s.
3
What is the remainder when 1782 is divided by (-17 + 5)*((-4)/(-22) - 306/594)?
2
Suppose -5*k - 55 = -245. Let p = 14 - -4. Let s = -8 + p. Calculate the remainder when k is divided by s.
8
Let d(f) = 11*f**2 + 5*f + 2. Let h be d(-3). Let c = 89 - h. Suppose -y = -3*m - c*y + 25, -4*m - 3*y = -33. What is the remainder when m is divided by 7?
2
Let a = -149 + 154. Suppose 5*l + 52 = 7*l + 2*p, -a*p = -4*l + 77. What is the remainder when l is divided by 12?
11
Let z = 15808 + -15265. What is the remainder when z is divided by 104?
23
Suppose -2402*c = -2396*c - 786. Calculate the remainder when 509 is divided by c.
116
Su